. List the prime factors of d.
2, 3
Let d(l) = 23*l**2 + l + 3. Let m be 5/(25/(-5)) + (5 - 0). Suppose 6*y - m = 4*y. List the prime factors of d(y).
97
Let b be (-1)/((6/(-60))/((-2)/(-4))). Suppose 4*m + 4 = 5*w + 1188, 0 = -4*m - b*w + 1224. Suppose -4*p + m = -163. List the prime factors of p.
2, 29
Let z = -10320 - -22397. What are the prime factors of z?
13, 929
Let d(t) = 194*t**2 - 155*t + 1724. What are the prime factors of d(12)?
2, 5, 139
Let k(a) = 104*a + 237. What are the prime factors of k(12)?
3, 5, 11
Suppose 551*h - 383*h - 14674128 = 0. List the prime factors of h.
2, 7, 17, 367
Let o(c) = 4*c**3 + 8*c**2 + c + 4223. What are the prime factors of o(0)?
41, 103
Suppose 79 + 187 = -14*a. What are the prime factors of (a/((-608)/(-3864)))/((-3)/8)?
2, 7, 23
Let v be -3 + 77 - 2 - -2. Suppose -40 = r + v. Let o = 19 - r. What are the prime factors of o?
7, 19
Suppose -3*w + 386 = 4*b, b = 4*w + 5*b - 520. Suppose -m - m = -4*s - 68, 2*s = -5*m + w. Let h = 45 - m. What are the prime factors of h?
17
Suppose 10*s = 5*s - 100. Let t = -16 - s. Suppose 0 = t*r - 0*r - 452. List the prime factors of r.
113
What are the prime factors of 102390/(-40)*-6 + (-2)/(-4)?
15359
Let b be 105*((-115)/(-10))/((-5)/(-10)). List the prime factors of b/6 + 3/2.
2, 101
Suppose -4*t + 11132 = 262*d - 266*d, 0 = 3*t + 2*d - 8379. List the prime factors of t.
2789
Suppose -5*m - 2 = -3*f, -f + 4*m = -m + 6. Suppose -i - 5*h - 1 = 12, 0 = f*i + 5*h + 22. Let b(l) = -5*l**3 - l**2 + 3*l - 3. List the prime factors of b(i).
2, 3, 19
List the prime factors of (34181 - (-6)/10*(-465)/(-93)) + -5.
3, 11393
Let o(v) = -2*v**3 + 28*v**2 + 4*v - 27. Let z be o(14). Suppose -z*t = -17855 + 3413. List the prime factors of t.
2, 3, 83
Let y = 40461 - -6138. List the prime factors of y.
3, 7, 317
Let d = 2966 + -2925. Suppose 19 = 5*v - 51. Suppose v = 5*b - d. What are the prime factors of b?
11
Let y = 10611 + -3787. What are the prime factors of y?
2, 853
Let w(d) = 9*d - 191. Let i be w(21). What are the prime factors of i/(7/497*-2)?
71
Suppose -3*b - 153*f = -157*f - 56513, -3*f + 3 = 0. List the prime factors of b.
18839
Let g(o) = -43 + 197*o + 0 - 59 + 9 - 68. List the prime factors of g(9).
2, 13, 31
Suppose -3 + 8 = -5*k. Let h be (1 - 1)/(2 + k). Suppose h = 4*r - 5*r + 102. List the prime factors of r.
2, 3, 17
Let z be ((-5)/(-3))/((-35)/(-42)). Suppose -z*u + 6*u = 8*u. Suppose u*w = 3*w - 546. What are the prime factors of w?
2, 7, 13
Suppose -1978*v = -1992*v + 8456. What are the prime factors of v?
2, 151
Let d(a) be the first derivative of -5*a**4 + 4*a**3/3 + 2*a**2 + 2*a - 70. What are the prime factors of d(-2)?
2, 5, 17
Let a = -174 + 184. What are the prime factors of -218*(12/10)/((-8)/a)?
3, 109
Let i(g) be the first derivative of 65*g**2/2 + 20*g - 38. List the prime factors of i(3).
5, 43
List the prime factors of ((-1059234)/121)/((-4)/6).
3, 1459
Let l(d) = -93*d - 404. List the prime factors of l(-34).
2, 7, 197
Let m(a) be the first derivative of a**3/3 - 9*a**2 + 57*a + 230. Suppose 3*b - 73 + 4 = 0. List the prime factors of m(b).
2, 43
Suppose 4026 + 471 = 80*b - 383. List the prime factors of b.
61
Suppose 120*g - 1415796 = -75*g + 728619. What are the prime factors of g?
7, 1571
Let i(n) = 10*n + 23 + 19 + 1. Let d be i(-13). Let x = 10 - d. List the prime factors of x.
97
Suppose i - 4*o = 19, -3*o = 3*i - 4*o - 35. Suppose -23 = -i*m - 1. Suppose 0 = 2*f - 3*l - 68, -f - m*f = l - 102. List the prime factors of f.
2, 17
Let a = -10820 - -18834. List the prime factors of a.
2, 4007
Let p = -256 - -160. Let h(o) = -o**3 + o**2 + 14*o - 1. Let l be h(-6). Let c = p + l. What are the prime factors of c?
71
Suppose 0 = -2*c + 271 + 519. Let x = -239 + c. Suppose -2*a - a = j - x, -5*a = -5*j + 680. List the prime factors of j.
3, 47
Let c be (-1)/((-4)/(2131 + 9)). List the prime factors of c*1/(-20)*-52.
13, 107
Let m = 23699 - 10665. List the prime factors of m.
2, 7, 19
Suppose -252636 = -4*t - 4*h, -3*t - 5*h + 300061 - 110600 = 0. What are the prime factors of t?
13, 43, 113
Let o = -246 + 246. Suppose -2*r + 1433 = r + 5*m, -3*r - 2*m + 1439 = o. What are the prime factors of r?
13, 37
Let h = -25 - -144. Suppose -15*q = -10*q - 1050. Let u = q - h. List the prime factors of u.
7, 13
Suppose 8 = -4*o - 8. Let b be o - (4 - 296 - -1). Suppose 6*d - b = 439. List the prime factors of d.
11
Let w = -76362 + 112556. What are the prime factors of w?
2, 18097
Let o = -275 + 595. Let q be 1/(-3) - o/30. Let j(x) = x**2 - 5*x - 15. List the prime factors of j(q).
7, 23
Let d = 99 - 98. Suppose d = -x + 4. Suppose -6*c = -11*c + x*q + 145, 0 = -2*c + 4*q + 44. What are the prime factors of c?
2
Let i(g) = -9*g - 23. Let r be i(-11). Let d = -9 + r. What are the prime factors of d?
67
Suppose -4*j = 3*k + 5018, 4*k = j - 5132 - 1546. Let r = -1173 - k. List the prime factors of r.
7, 71
Let j(d) = 11 - d + 3 - 28 + 6. Let t be j(-12). Let z(i) = 2*i**2 - 3*i - 5. What are the prime factors of z(t)?
3, 5
Suppose 19*o + 152120 = 23*o + 46380. List the prime factors of o.
5, 17, 311
Let h = -66 + 72. Suppose 0 = -2*x + 2, -h*x = m - x - 81. What are the prime factors of m?
2, 19
Let y(p) = 23*p**3 + 2*p**2 + 2*p - 2. Let n be y(2). Let b = -106 + n. Let t = b + -3. What are the prime factors of t?
5, 17
Let k(a) = -17*a - 1. Suppose 0 = 3*b - 4*p + 36, -4*b + 4*p = -7*b - 12. Let v be k(b). Suppose -9*u = -4*u - v. What are the prime factors of u?
3
Let q = 114 + -91. Let w(l) = l**2 - 8*l + 88. List the prime factors of w(q).
433
Let w(y) = 95*y**3 - 20*y**2 + 62*y - 11. What are the prime factors of w(6)?
20161
Let u(i) = -i**3 + 6*i**2 - 2*i - 11. Let a be u(5). What are the prime factors of 34/(a/(-40)*-1)?
2, 5, 17
Let p = 21982 - -2774. List the prime factors of p.
2, 3, 2063
Let i be (20 - -18)*(-2 + 32). Suppose -s - i = -5*s. List the prime factors of s.
3, 5, 19
Suppose -5*m - t - 2*t = -717, -719 = -5*m - t. Suppose 5*r = r + m. Let c = -33 + r. What are the prime factors of c?
3
Let k be (-1 - 2) + -9670*(-2)/4. Suppose -9*j + j + k = 0. Let b = j - 420. List the prime factors of b.
2, 23
Let x be (-4 - 1) + 20 + 4. Suppose x*c = 15*c + 60. List the prime factors of c.
3, 5
Suppose -39*o + 572026 = -644691 - 388718. List the prime factors of o.
5, 8233
Let x be (-8)/(-32) + 10/(-8). Let s be (2080/12)/1 - x/(-3). Suppose 2*c - 4*g - g - 161 = 0, -2*c = -g - s. List the prime factors of c.
2, 11
Let m(q) = -2 - 4*q**2 + 3*q**3 - 2*q**3 + 644*q - 639*q + 19. Let y be m(6). Let w = 203 - y. List the prime factors of w.
2, 3, 7
Let k(w) = -69*w**3 - 36*w**2 - 7*w + 19. List the prime factors of k(-4).
13, 23
Suppose 5*r = 0, -u - 17 = -4*r - 15. What are the prime factors of 666 + u + -26 + 26?
2, 83
Let q(v) = v**2 + 9. Let j be q(5). Suppose -j = -4*l - 14. List the prime factors of (l + -1)/2 + 63.
5, 13
Let g(o) = -13*o + 64. Suppose 3*m = -3*z - 66, -33*z - 71 = -30*z - 2*m. What are the prime factors of g(z)?
3, 11
What are the prime factors of (6556/33)/((-2)/132*-4)?
2, 11, 149
Suppose -110 = 2*u + 82. Suppose -2*n - 157 = -5*x, 2*n - 62*x + 58*x + 152 = 0. Let y = n - u. List the prime factors of y.
2, 3, 5
Let i(x) = 25*x**2 - 7*x - 29. Let y be i(12). Suppose -d - 10*d = -y. What are the prime factors of d?
317
List the prime factors of 20711/2 + 3/(-6).
5, 19, 109
Suppose 0 = 4*b + 10*z - 6*z + 864, -2*b + 2*z = 412. Let y = -105 - b. List the prime factors of y.
2, 53
Let t be (8/(-2) - -64)*(-56)/(-10). Suppose 0 = i + 101 - t. List the prime factors of i.
5, 47
Suppose 2*s = 8, 3*p = 755*s - 750*s + 13525. List the prime factors of p.
3, 5, 7, 43
Let o(a) = 6*a**2 - 1509*a - 9. What are the prime factors of o(-19)?
2, 3, 7, 367
Let i = -1567 + 1570. Suppose 2 = 3*p - 5*d, -5*d + 2 = 2*p - 4*p. Suppose 3*n = -9*g + p*g + 417, 4*n = -i*g + 567. What are the prime factors of n?
2, 3
Let n = 57012 - 36933. Suppose -10*r + n = 13*r. What are the prime factors of r?
3, 97
Let f(d) = 48*d + 3872. What are the prime factors of f(-7)?
2, 13, 17
Suppose -5*n = 0, 4*n = -3*m + 9*n + 996. Let d = m + -157. What are the prime factors of d?
5, 7
Let a = -141 - -147. Let x be 114*a/(-4) + 4*-1. List the prime factors of 20